uppose 4*w - 6*w = -8. Suppose 46 = -3*k - 4*n, -k = w*n - 3*n + 14. Let t(u) = -u - 14. Determine t(k).
-4
Let n be 33/12 + 1*(-6)/8. Let a(j) = 0 + 2*j**2 + 4 - 149*j + 160*j + n. Let w be a(-5). Let b(u) = -3*u + 1. Determine b(w).
-2
Let i(f) be the third derivative of 1/24*f**4 + 0*f + 0 + 2*f**3 + 14*f**2. Calculate i(-6).
6
Suppose -r + 2 = -4*h, 2*r - 1 = 2*h + 3. Let c(y) = 5*y + 0*y**r - y**2 + 2*y**2 - 2 - 4*y**2. Let b be c(2). Let a(u) = -u**2 - 5*u - 1. Give a(b).
3
Let b(k) = k**3 + 14*k**2 - 16*k - 17. Suppose 5*s + 4*o = -820, 2*s - 4*o = -s - 460. Let f = s - -145. Give b(f).
-2
Suppose -25 = -5*y - 25. Let f(s) = -4 - 2*s + 2*s + y*s - s. Let d be 1 - 8/10 - 14/70. Calculate f(d).
-4
Suppose -7*m + 8*m = -4*z - 56, 3*z + 42 = 3*m. Let y be z/7 - ((-12)/4 - -7). Let i(w) = -w**2 - 6*w - 1. Give i(y).
-1
Let b(l) be the first derivative of -l**3/3 - 4*l**2 + 23*l + 1372. What is b(5)?
-42
Let j(t) = 2*t**3 + t**2 + t. Let s(x) be the first derivative of -9*x**4/4 - 5*x**3/3 - 7*x**2/2 - 3*x - 96. Let y(l) = -5*j(l) - s(l). What is y(-2)?
7
Let x(k) be the second derivative of -k**3/6 + 3*k**2/2 + 404*k. Let g = -13 + 10. Let t be 1/g + 88/12. Determine x(t).
-4
Suppose -2*b + 9 - 3 = 0. Suppose 2 = y - b. Let r(l) = -l**2 + 2*l - 1 - y*l + 4*l - 5*l. Calculate r(-2).
3
Let k(s) be the first derivative of -s**2 + 5 - 10 + 4*s - 2. Let g be (6 - 2) + 15/(-15). Determine k(g).
-2
Let x(g) = -11*g + 5*g + 3*g**2 + 12*g + 0*g**2 - 5. Give x(-4).
19
Let q(v) = 2*v**3 - 5*v**2 - 4*v. Let n(j) = 81*j - 644. Let y be n(8). Calculate q(y).
32
Let z(i) = 2*i + 1. Let y = -1389 + 669. Let k be (y/80)/((18/(-4))/(-3)). Determine z(k).
-11
Let r = -456 - -478. Suppose 8*k + r = -34. Let n(q) = -q**2 - 5*q - 7. Determine n(k).
-21
Let o(y) be the second derivative of -y**6/720 + y**5/60 - y**4/12 + 6*y**3 + 135*y. Let v(m) be the third derivative of o(m). Let a = -1 + 2. Calculate v(a).
1
Suppose 65*g - 61*g - 24 = 0, -6*b + 3*g = 264. Let u(l) = l**3 + 41*l**2 + 5*l + 212. Calculate u(b).
7
Let o(b) = 2*b**2 + 6*b - 2. Let n = -1266 + 1263. Determine o(n).
-2
Suppose -3*d - 2*x + 15 = -0*x, -25 = -5*d + x. Let l(h) = -6*h**2 + 29*h + 10. Calculate l(d).
5
Let y(m) be the third derivative of 0 - 7/60*m**5 + m**2 + 0*m**4 - m**3 - 1/120*m**6 + 17*m. What is y(-7)?
-6
Let j(p) = p**2 - p - 5. Let f be (6 - 5)*0/1. Suppose f = 5*x - 6 - 44. Let k be x/4*64/40. Calculate j(k).
7
Let u(q) = q + 6. Suppose 0 = -3*x - 3*v + 50 - 44, 0 = -v - 4. Calculate u(x).
12
Let h(j) = -5*j**3 - 5*j**2 + 10*j + 9. Let d(w) = -17 + 35 - 15 + 6*w**3 - 11*w - 14 + 5*w**2. Let s(o) = -6*d(o) - 7*h(o). What is s(2)?
7
Let j(l) = -6210*l - 6201*l + 128 + 12396*l. Determine j(6).
38
Let k(n) be the second derivative of 14*n**3/3 + 5*n**2 + 1271*n - 1. What is k(-5)?
-130
Let f(i) be the second derivative of i**4/12 + 7*i**3/6 - 26*i**2 + 2*i + 56. What is f(-11)?
-8
Let q(t) = -t**2 - 20*t - 70. Let z be q(-12). Let u(j) = 4 + 28*j**2 + 7*j - 2*j - z*j**2 + 0. Determine u(-3).
7
Let y(f) = -f + 7. Let z = 1016 - 1020. Let k be 6/3 + (9 - 1). Let r = z + k. Determine y(r).
1
Let i(r) = -3*r**2 + 592. Let o(s) = 4*s**2 + s - 893. Let y(j) = -3*i(j) - 2*o(j). What is y(11)?
109
Let o(n) = 17*n**2 + 7*n - 27. Let m(g) = -50*g**2 - 20*g + 75. Let w(l) = -4*m(l) - 11*o(l). Determine w(2).
55
Let v be 5 - ((0 - 0) + 44/11). Let z be 1/(((-76)/(-26) - 3)/v). Let k(a) = a + 22. Determine k(z).
9
Let l be 6 - 6*16/(-12). Let u be 60/l + (-8)/28. Let q(v) = v**3 - 4*v**2 + 2*v + 1. Determine q(u).
9
Let n(v) = 62*v + 17. Let y(d) = 76*d + 19. Let o(p) = 6*n(p) - 5*y(p). What is o(0)?
7
Suppose -6*u = -392 + 434. Let b(v) = -v + 15. Let c(o) = 2*o - 28. Let l(k) = u*b(k) - 4*c(k). Let g be ((-4)/(-6))/(4/42). What is l(g)?
0
Suppose -3*v - 2*v + 10 = 0. Suppose -s - 3*s = -20. Let i(o) = -o**2 - o - 1. Let h(g) = 3*g**2 + 3*g + 3. Let y(r) = s*i(r) + v*h(r). Give y(-3).
7
Let v(a) be the first derivative of -7*a**2/2 - 52*a - 363. Calculate v(-7).
-3
Suppose 0 = -5*c + 2*x + 434, 5*c + x - 424 = -2*x. Let w(b) = 86*b**2 + 4*b + c*b**2 - b**3 - 171*b**2. Give w(3).
-6
Let j(f) = -3*f - 3*f + f + 4*f + 13*f - 9. Give j(-4).
-57
Let x(o) = -7*o**2 - 2*o - 1. Let z = -19 - -22. Let n(d) = -5*d + 3 + z*d + 6*d + 4. Let v be n(-2). Determine x(v).
-6
Let l(o) = -4 - 7 - 176*o - 5 + 177*o + 1. Calculate l(-5).
-20
Suppose -2*c + 5*c = 9. Suppose c*f = 2*f + 4. Suppose 5*w + f = 4*w. Let o(u) = u**3 + 3*u**2 - 1. Determine o(w).
-17
Let b(f) = f**3 + 5*f**2 - 5*f + 13. Let x(o) = o**2 + 43*o - 1104. Let i be x(-61). Determine b(i).
7
Let l(z) = 5*z + 9*z - 12*z - 8. Suppose -3*q + 27 = -2*v - 6, -4*q = v. Let w = v - -18. What is l(w)?
4
Let a(f) = 25*f + 185. Let d be 1347/3592 + (150/(-16) - -2). What is a(d)?
10
Let k(t) = 134*t + 64 + 138*t - 277*t - 6. Give k(6).
28
Suppose 61 = 5*i + 3*z, -33*i + 4*z = -100 - 136. Let q(w) = w**2 - 6*w - 19. What is q(i)?
-3
Let z(p) = 154*p + 4004. Let i be z(-26). Let k(j) = -j**2 - 3*j + 90. What is k(i)?
90
Let m be 1*2/4*-6. Let a(f) = -3*f - 10. Let c(h) = -15*h - 51. Let j(i) = 11*a(i) - 2*c(i). Let u(w) = -1. Let l(x) = -j(x) + 4*u(x). What is l(m)?
-5
Let o(l) be the third derivative of -l**6/240 + l**5/60 + 2*l**4/3 - 3*l**2. Let v(c) be the second derivative of o(c). Let h = 6 - 8. Give v(h).
8
Let x be -8*-22*1/16. Let k(s) = 26*s - 7. Let z(v) = 49*v - 13. Let o(q) = x*k(q) - 6*z(q). Give o(2).
-15
Let o(c) be the second derivative of c**5/20 + 5*c**4/12 - 4*c**3/3 + 3*c**2/2 - c. Suppose -4*d + 595*s - 14 = 590*s, 36 = -5*d - 3*s. Give o(d).
15
Let w(z) = -z**3 - z**2 + z. Let k(t) = -4*t**3 - 7*t**2 + 9*t - 5. Let x(r) = -k(r) + 3*w(r). Suppose -14*a = 57 + 115 - 102. Give x(a).
10
Let i(v) = 18*v**3 + 61*v**2 + 3*v - 12. Let d(q) = -11*q**3 - 36*q**2 - 2*q + 7. Let s(k) = 12*d(k) + 7*i(k). Determine s(-3).
126
Suppose -2*w = h - 16, -4*w + 2*w = -h - 4. Let r(x) = -3*x + 5*x - 3*x - 5 + h*x. Determine r(6).
25
Let v(y) = 6*y**3 - 47*y**2 - 21*y + 15. Let s(p) = p**3 - 4*p - 9*p**2 - 6 - 8 + 17. Let b(x) = 11*s(x) - 2*v(x). What is b(-3)?
-9
Let n(s) = 89*s**2 - 13*s - 22. Let z(j) = 148*j**2 - 27*j - 43. Let w(b) = 5*n(b) - 3*z(b). What is w(0)?
19
Let u(h) = h**3 - 2*h - 3. Let b = 2008 + -2011. Determine u(b).
-24
Suppose 23*c - 60 = 11*c. Let o(a) = -3*a**2 + 11*a + 18. Let d be o(c). Let q(b) = 2*b - 3. What is q(d)?
-7
Let o(h) = -h**3 - 16*h**2 + 20*h + 56. Let g be (-105)/(-280) - 695/40. Determine o(g).
5
Let m(y) = 8*y. Let b(w) = -63*w**2 - 1133*w + 17. Let h be b(-18). Give m(h).
-8
Let m be ((-116)/10)/((-68)/(-170)). Let a(b) = -2*b**3 - 58*b**2 + 3*b + 93. Determine a(m).
6
Let f(h) be the second derivative of 2*h**3/3 + 3*h**2/2 - 209*h. Determine f(10).
43
Let j(m) = -33 - 2*m + 78 - 42. Suppose 0 = -3*x + 6*y - 5*y + 8, -x + 3*y + 16 = 0. What is j(x)?
1
Suppose -b - 3 + 6 = 0. Suppose b = 4*w - 5. Let c(g) = g + 5. Let v(q) = -3*q - 11. Let j(n) = w*v(n) + 5*c(n). Determine j(5).
-2
Let h = 8 + 7. Suppose f = 4*f - h. Let q(n) = 1 - 2 - 126920*n + 126919*n. Give q(f).
-6
Let v(l) = 289 - 7*l + 12*l - 588 - 8*l + 262. Determine v(6).
-55
Let x(a) = 2*a - 2. Let n be 1/(2*(-2)/296). Let b = -697 + 767. Let c = b + n. Give x(c).
-10
Let z(i) = i - 2 + 5*i - 5*i. Let c = -1759 - -1766. What is z(c)?
5
Let k be (-4)/34 - (-36)/51*3 - -4. Let i(u) = -6*u**3 + u**2 + 1. Let b(j) = -j**3 - j**2 + j. Let t(n) = 5*b(n) - i(n). Give t(k).
29
Let t(y) = 3*y**2 + 20*y + 8. Let l be t(-7). Let r = -91 - -97. Let c(g) = -8 + 1 - l*g + 10*g + r*g. Give c(3).
-4
Let j be 622/(-4)*(-25 - -27). Let z = j - -307. Let u(a) be the first derivative of -a**2/2 + 4*a - 2. Calculate u(z).
8
Suppose 0 = -3*u + n - 10, -4*u = -8*u - 4*n - 24. Let k(t) = t**3 + 4*t**2. Let a be k(u). Let q(g) = -g**2 + g - 12. Calculate q(a).
-12
Let t(d) = 2*d + 13. Let s be 7 + 39/(-3) + -1*4/(-1). Calculate t(s).
9
Let u(v) = v**3 - v**2 - v + 4. Let t be u(3). Suppose -1 = -3*w - t. Let y be (-32)/w + (-1)/3. Let p(n) = n**2 - 4*n - 4. Determine p(y).
1
Let b(f) = -2*f + 29. Let r(z) = 2*z**2 + 32*z - 119. Let p be r(-19). What is b(p)?
39
Let m(y) be the second derivative of -2*y**4/3 + y**3/6 + y**2/2 - 16*y - 32. What is m(-1)?
-8
Let s(q) = -q**2